16, what is -1ca0 + -5?
-1ca5
In base 6, what is -13 - -2032?
2015
In base 16, what is -2f - -666?
637
In base 6, what is 5 - 10124544?
-10124535
In base 6, what is -30401 + 3?
-30354
In base 16, what is -5a4 + 12?
-592
In base 10, what is -382398 - 5?
-382403
In base 7, what is 26 + 53?
112
In base 3, what is -20 - 100020022202?
-100020022222
In base 3, what is -12011201200120 + -12?
-12011201200202
In base 11, what is -2 - -166a4?
166a2
In base 15, what is -5 - 14a546?
-14a54b
In base 3, what is 1 - -22021011100?
22021011101
In base 8, what is 56 + -63233?
-63155
In base 14, what is -8c6 - 12?
-8d8
In base 4, what is 32013021 - -230?
32013311
In base 10, what is -4 + 33915?
33911
In base 13, what is -2b9c9 - 5?
-2ba01
In base 7, what is 114250 + -4?
114243
In base 5, what is 100033040 + -3?
100033032
In base 9, what is 37 - -4420?
4457
In base 15, what is 2 - b2d?
-b2b
In base 9, what is -24 + 14316?
14282
In base 6, what is 2 + -14340025?
-14340023
In base 3, what is -222110 + 1021100?
21220
In base 2, what is -1110010001 - 111100010101?
-1001010100110
In base 7, what is 105 - 6504?
-6366
In base 2, what is -10000 + 111000010?
110110010
In base 15, what is c76 + 3c?
cb3
In base 12, what is 3 + -4831?
-482a
In base 5, what is 2314 - -331204?
334023
In base 8, what is 7052 - 5?
7045
In base 5, what is -1410 + 2444?
1034
In base 13, what is -19a05 + -5?
-19a0a
In base 16, what is d72f2 - 2?
d72f0
In base 13, what is -1 + 39079?
39078
In base 12, what is -37589 - -5?
-37584
In base 16, what is -9 - -d79?
d70
In base 9, what is 5276 - 2?
5274
In base 5, what is 0 - -30114304?
30114304
In base 13, what is 8539 + 6?
8542
In base 5, what is 2 - -332310?
332312
In base 6, what is 220315432 + 1?
220315433
In base 4, what is 32 + 32110101?
32110133
In base 7, what is 250513 + 1?
250514
In base 2, what is 100 + -101001101010111011?
-101001101010110111
In base 5, what is 11 - -1010331?
1010342
In base 3, what is -20021 + 20211121?
20121100
In base 13, what is -159645 + 1?
-159644
In base 13, what is -a76 - ac?
-b55
In base 12, what is 7 + -3b634?
-3b629
In base 8, what is 4 + 32571?
32575
In base 7, what is 21041 + -222?
20516
In base 5, what is -1044 - -233201?
232102
In base 7, what is -12516 - -1413?
-11103
In base 6, what is -140514 + -3?
-140521
In base 4, what is -10202 + -32031?
-102233
In base 6, what is -41055 - -11?
-41044
In base 9, what is -23 - -116466?
116443
In base 9, what is 178 - -148?
337
In base 5, what is -1 + -12001404?
-12001410
In base 10, what is 42886 - -1?
42887
In base 5, what is -1234443 - 0?
-1234443
In base 4, what is 101133121 + -10?
101133111
In base 6, what is 1025554 + 4?
1030002
In base 4, what is -133 + 1220?
1021
In base 13, what is 5 + 52927?
5292c
In base 6, what is -3041303 - 0?
-3041303
In base 2, what is -1101111101000100 - -1?
-1101111101000011
In base 3, what is -12 + 1121221001?
1121220212
In base 12, what is -7a05 - -8?
-79b9
In base 13, what is b853 - 1?
b852
In base 7, what is -34251 - -1?
-34250
In base 4, what is 2303 - -33332?
102301
In base 13, what is 1 - 49540?
-4953c
In base 11, what is 2 - -27942?
27944
In base 9, what is -776 + 217?
-558
In base 15, what is -3473d + -2?
-34740
In base 2, what is 1011010 - 11110111?
-10011101
In base 4, what is 1 + 312?
313
In base 9, what is 17 - 357?
-340
In base 3, what is -112 + 20110120?
20110001
In base 9, what is 121470 - -5?
121475
In base 8, what is 5 + 222250?
222255
In base 5, what is 0 - -333441?
333441
In base 11, what is 164 + 191?
345
In base 15, what is 24675 + -1?
24674
In base 14, what is 2 - -d035?
d037
In base 7, what is -206566 + 1?
-206565
In base 2, what is -1111010010111011 + 10010?
-1111010010101001
In base 16, what is -2d - 3eaa?
-3ed7
In base 10, what is -7078 + -10?
-7088
In base 11, what is 17088 - -124?
17201
In base 8, what is 3634 + -4?
3630
In base 8, what is -31425 + 35?
-31370
In base 12, what is 36997 + 1?
36998
In base 8, what is -2316622 - -7?
-2316613
In base 9, what is 752404 - -5?
752410
In base 9, what is 7463 + 12?
7475
In base 15, what is -50ad55 + -1?
-50ad56
In base 9, what is -3 + -224265?
-224268
In base 9, what is -21 + 1062?
1041
In base 15, what is 5 - -58d4?
58d9
In base 5, what is -221334141 - 3?
-221334144
In base 15, what is -2 + 23c?
23a
In base 16, what is -1b6 - -11a2?
fec
In base 12, what is 70b4 - -4?
70b8
In base 15, what is -22c + 29?
-203
In base 12, what is -173 + -b0?
-263
In base 5, what is -323211 + 0?
-323211
In base 10, what is 47472 + 1?
47473
In base 6, what is 3 + 2555300?
2555303
In base 4, what is -311002 + 10200?
-300202
In base 7, what is 1353 - 141?
1212
In base 2, what is -10000 - 1001000000001101?
-1001000000011101
In base 4, what is 32 + 120000?
120032
In base 6, what is -135 + -244?
-423
In base 7, what is -3042653 - 2?
-3042655
In base 10, what is -3 + -4674?
-4677
In base 6, what is -411 - 123?
-534
In base 16, what is 31 + -7c?
-4b
In base 13, what is 3 + -150c54?
-150c51
In base 7, what is -34 - 4222?
-4256
In base 4, what is 222020 - -2?
222022
In base 5, what is -1230112 + 10?
-1230102
In base 2, what is -1010111111 - 1110?
-1011001101
In base 9, what is -427 + -1621?
-2148
In base 14, what is 3 - 3987d?
-3987a
In base 16, what is -4 - 7db5?
-7db9
In base 10, what is -4 - -25896?
25892
In base 11, what is 567952 - 2?
567950
In base 15, what is -11c59 + 1?
-11c58
In base 13, what is -4 - -38302?
382cb
In base 7, what is -565 - -1151?
253
In base 4, what is -11322 - -332333?
321011
In base 3, what is -1000102100 - -12?
-1000102011
In base 14, what is d + -a19?
-a0a
In base 12, what is 7 + -17301?
-172b6
In base 8, what is 4 - -6274770?
6274774
In base 15, what is -14114 - -4?
-14110
In base 15, what is -a + 13259?
1324e
In base 12, what is -7221 - -8?
-7215
In base 16, what is 4 - 728a?
-7286
In base 2, what is 1100001100 - -11101010011?
101001011111
In base 13, what is a12c - 9?
a123
In base 8, what is -35622 - -76?
-35524
In base 5, what is -213011403 + -4?
-213011412
In base 10, what is 2359 - 382?
1977
In base 7, what is -5336 + -455?
-6124
In base 9, what is -6 + -130384?
-130401
In base 10, what is -24771 + 0?
-24771
In base 14, what is -24 + -3b28?
-3b4c
In base 12, what is -4 - -6b691?
6b689
In base 12, what is 6 - -2557?
2561
In base 5, what is -10110441 + 2?
-10110434
In base 3, what is -11 + -20122102110?
-20122102121
In base 3, what is 21 + 20000002111?
20000002202
In base 4, what is -22011200 - 11?
-22011211
In base 8, what is -25711 + 3?
-25706
In base 7, what is 331 - 2453?
-2122
In base 13, what is 4b951 - 4?
4b94a
In base 13, what is -172 + -40?
-1b2
In base 2, what is 100 - -10000100101100010100?
10000100101100011000
In base 2, what is 110101010 + 1100011?
1000001101
In base 4, what is -22100 + -10010?
-32110
In base 9, what is -5 + -316104?
-316110
In base 10, what is -4213 - -687?
-3526
In base 6, what is -1 + 211?
210
In base 3, what is -102 + -112100021?
-112100200
In base 5, what is 4 - -3202044?
3202103
In base 2, what is 101110000001 - -1100?
101110001101
In base 6, what is -343 - 314?
-1101
In base 12, what is -99 + 18a02?
18925
In base 5, what is 42 + 10032442?
10033034
In base 14, what is 5a727 + 5?
5a72c
In base 9, what is 42 + 5353?
5405
In base 12, what is 30b913 + -1?
30b912
In base 16, what is 4d - -a92?
adf
In base 15, what is 14368 + 0?
14368
In base 6, what is -2343032 - -5?
-2343023
In base 14, what is -226 - -5a?
-1aa
In base 11, what is -271043 + 1?
-271042
In base 15, what is 40e - -44?
453
In base 2, what is -111000 - -1000111?
1111
In base 3, what is -1201201100212 + 1?
-1201201100211
In base 15, what is 4716 + 5?
471b
In base 2, what is -101 + 10011000111100100?
10011000111011111
In base 13, what is 5 + -3b9?
-3b4
In base 11, what is -53 - 268?
-310
In base 6, what is -205212 + -41?
-205253
In base 16, what is 351 + -95?
2bc
In base 10, what is -40300 - -4?
-40296
In base 10, what is -25850 + 5?
-25845
In base 10, what is 1 + -1861?
-1860
In base 4, what is -2002 + -1023?
-3031
In base 6, what is 154555 - -22?
155021
In base 9, what is 6114 - -1374?
7488
In base 6, what is 544 - -30510?
31454
In base 6, what is -12011 + -5?
-12020
In base 10, what is 2 - 9339?
-9337
In base 7, what is 11 - -15525?
15536
In base 5, what is -31021 - 13